{"id":168,"date":"2024-01-11T17:22:47","date_gmt":"2024-01-11T16:22:47","guid":{"rendered":"http:\/\/www.ch-aubusson.fr\/site\/?page_id=168"},"modified":"2024-05-02T09:59:51","modified_gmt":"2024-05-02T07:59:51","slug":"ssiad","status":"publish","type":"page","link":"https:\/\/www.ch-aubusson.fr\/site\/ssiad\/","title":{"rendered":"SSIAD"},"content":{"rendered":"\n<div style=\"height:40px\" aria-hidden=\"true\" class=\"wp-block-spacer\"><\/div>\n\n\n\n<h2 class=\"wp-block-heading\">Service de soins infirmiers a domicile<\/h2>\n\n\n\n<h4 class=\"wp-block-heading presentation\">Le SSIAD a pour mission et objectif la prise en charge de patients dont l\u2019\u00e9tat de sant\u00e9 et de d\u00e9pendance n\u00e9cessite des soins infirmiers et des soins d\u2019hygi\u00e8ne et de confort \u00e0 leur domicile.<\/h4>\n\n\n\n<p class=\"capacite\">Capacit\u00e9 : 66 places<br>Horaires du bureau d&#8217;accueil : de 8h \u00e0 17h<\/p>\n\n\n\n<div style=\"height:20px\" aria-hidden=\"true\" class=\"wp-block-spacer\"><\/div>\n\n\n\n<p><a href=\"https:\/\/www.ch-aubusson.fr\/site\/localisation\/#sj\">23, rue saint jean, 23200 Aubusson<\/a><br><a href=\"https:\/\/www.ch-aubusson.fr\/site\/localisation\/#lm\" data-type=\"page\" data-id=\"253\" target=\"_blank\" rel=\"noreferrer noopener\"><img loading=\"lazy\" decoding=\"async\" width=\"20\" height=\"20\" class=\"wp-image-1166\" style=\"width: 20px;\" src=\"https:\/\/www.ch-aubusson.fr\/site\/wp-content\/uploads\/2024\/01\/telephone-ch-e1706177990867.png\" alt=\"\"><\/a>  05 55 66 81 37<\/p>\n\n\n\n<div style=\"height:40px\" aria-hidden=\"true\" class=\"wp-block-spacer\"><\/div>\n\n\n<div id=\"metaslider-id-5222\" style=\"width: 100%;\" class=\"ml-slider-3-99-0 metaslider metaslider-flex metaslider-5222 ml-slider ms-theme-default\" role=\"region\" aria-label=\"SSIAD\" data-width=\"1000\">\n    <div id=\"metaslider_container_5222\">\n        <div id=\"metaslider_5222\">\n            <ul class='slides'>\n                <li style=\"display: block; width: 100%;\" class=\"slide-5227 ms-image \" aria-roledescription=\"slide\" data-date=\"2024-05-02 10:07:32\"><img loading=\"lazy\" decoding=\"async\" src=\"https:\/\/www.ch-aubusson.fr\/site\/wp-content\/uploads\/2024\/05\/20240416_1441451-1-scaled-1000x300.jpg\" height=\"300\" width=\"1000\" alt=\"\" class=\"slider-5222 slide-5227 msDefaultImage\" title=\"20240416_144145[1]\" \/><\/li>\n                <li style=\"display: none; width: 100%;\" class=\"slide-5231 ms-image \" aria-roledescription=\"slide\" data-date=\"2024-05-02 10:09:17\"><img loading=\"lazy\" decoding=\"async\" src=\"https:\/\/www.ch-aubusson.fr\/site\/wp-content\/uploads\/2024\/05\/20240416_1418061-1-scaled-1000x300.jpg\" height=\"300\" width=\"1000\" alt=\"\" class=\"slider-5222 slide-5231 msDefaultImage\" title=\"20240416_141806[1]\" \/><\/li>\n            <\/ul>\n        <\/div>\n        \n    <\/div>\n<\/div>\n\n\n\n<div style=\"height:40px\" aria-hidden=\"true\" class=\"wp-block-spacer\"><\/div>\n\n\n\n<h1 class=\"wp-block-heading coin has-ast-global-color-5-color has-text-color has-background has-link-color wp-elements-f91c4fa99446b91a06574d7573695435\" style=\"background-color:#243466\">ADMISSION<\/h1>\n\n\n\n<p>Les SSIAD interviennent&nbsp;<strong>sur prescription m\u00e9dicale<\/strong>.<\/p>\n\n\n\n<p>Une visite d\u2019\u00e9valuation sera alors d\u00e9clench\u00e9e, l&#8217;infirmi\u00e8re coordonnatrice \u00e9value les besoins du patient et d\u00e9finit le projet de soins (sp\u00e9cificit\u00e9 des soins, les passages).<\/p>\n\n\n\n<p>Apr\u00e8s l&#8217;\u00e9valuation et selon les places disponibles, le patient est int\u00e9gr\u00e9 au service, pour une dur\u00e9e d&#8217;un mois renouvelable sur ordonnance du m\u00e9decin traitant. Ce renouvellement fait l&#8217;objet d&#8217;une r\u00e9\u00e9valuation des besoins par l&#8217;infirmi\u00e8re coordinatrice.<\/p>\n\n\n\n<p>En cas d&#8217;indisponibilit\u00e9 de place, le dossier est alors plac\u00e9 dans la liste d&#8217;attente, consult\u00e9e r\u00e9guli\u00e8rement, ou dirig\u00e9 vers d&#8217;autres prestataires.<\/p>\n\n\n\n<div style=\"height:40px\" aria-hidden=\"true\" class=\"wp-block-spacer\"><\/div>\n\n\n\n<h1 class=\"wp-block-heading coin has-ast-global-color-5-color has-text-color has-background has-link-color wp-elements-0ae0adaff22d0404ee037844c56bc07e\" style=\"background-color:#243466\">prise en charge<\/h1>\n\n\n\n<p>Le SSIAD a pour mission d&#8217;accompagner l&#8217;usager au domicile le plus longtemps possible et de diff\u00e9rer son admission en \u00e9tablissement d&#8217;h\u00e9bergement.<\/p>\n\n\n\n<p>Le SSIAD peut r\u00e9aliser les soins <strong>\u00e0 domicile 7j\/7<\/strong>. Il se d\u00e9cline de la fa\u00e7on suivante :<\/p>\n\n\n\n<p>&#8211; des soins d&#8217;hygi\u00e8ne et de confort sont prodigu\u00e9s \u00e0 une personne afin de maintenir, restaurer ou compenser les capacit\u00e9s d&#8217;autonomie<br>&#8211; des soins techniques infirmiers : toilettes, injections, pansements, traitements, pr\u00e9l\u00e8vements sanguins<br>&#8211; un accompagnement dans l&#8217;environnement social et familial notamment aupr\u00e8s des aidants dits &#8220;aidants familiaux&#8221; ou &#8220;aidants naturels&#8221;<br>&#8211; un accompagnement dans le parcours de soin<br>&#8211; l&#8217;am\u00e9nagement du domicile, dans le cas des structures qui emploient des ergoth\u00e9rapeutes.<\/p>\n\n\n\n<p>Le Service de Soins Infirmiers intervient au domicile des patients sur 23 communes. <\/p>\n\n\n\n<div style=\"height:40px\" aria-hidden=\"true\" class=\"wp-block-spacer\"><\/div>\n\n\n\n<div style=\"height:100px\" aria-hidden=\"true\" class=\"wp-block-spacer\"><\/div>\n","protected":false},"excerpt":{"rendered":"<p>Service de soins infirmiers a domicile Le SSIAD a pour mission et objectif la prise en charge de patients dont [&hellip;]<\/p>\n","protected":false},"author":3,"featured_media":0,"parent":0,"menu_order":0,"comment_status":"closed","ping_status":"closed","template":"","meta":{"site-sidebar-layout":"default","site-content-layout":"","ast-site-content-layout":"","site-content-style":"default","site-sidebar-style":"default","ast-global-header-display":"","ast-banner-title-visibility":"","ast-main-header-display":"","ast-hfb-above-header-display":"","ast-hfb-below-header-display":"","ast-hfb-mobile-header-display":"","site-post-title":"disabled","ast-breadcrumbs-content":"","ast-featured-img":"","footer-sml-layout":"","theme-transparent-header-meta":"","adv-header-id-meta":"","stick-header-meta":"","header-above-stick-meta":"","header-main-stick-meta":"","header-below-stick-meta":"","astra-migrate-meta-layouts":"default","ast-page-background-enabled":"default","ast-page-background-meta":{"desktop":{"background-color":"var(--ast-global-color-4)","background-image":"","background-repeat":"repeat","background-position":"center center","background-size":"auto","background-attachment":"scroll","background-type":"","background-media":"","overlay-type":"","overlay-color":"","overlay-opacity":"","overlay-gradient":""},"tablet":{"background-color":"","background-image":"","background-repeat":"repeat","background-position":"center center","background-size":"auto","background-attachment":"scroll","background-type":"","background-media":"","overlay-type":"","overlay-color":"","overlay-opacity":"","overlay-gradient":""},"mobile":{"background-color":"","background-image":"","background-repeat":"repeat","background-position":"center center","background-size":"auto","background-attachment":"scroll","background-type":"","background-media":"","overlay-type":"","overlay-color":"","overlay-opacity":"","overlay-gradient":""}},"ast-content-background-meta":{"desktop":{"background-color":"var(--ast-global-color-5)","background-image":"","background-repeat":"repeat","background-position":"center center","background-size":"auto","background-attachment":"scroll","background-type":"","background-media":"","overlay-type":"","overlay-color":"","overlay-opacity":"","overlay-gradient":""},"tablet":{"background-color":"var(--ast-global-color-5)","background-image":"","background-repeat":"repeat","background-position":"center center","background-size":"auto","background-attachment":"scroll","background-type":"","background-media":"","overlay-type":"","overlay-color":"","overlay-opacity":"","overlay-gradient":""},"mobile":{"background-color":"var(--ast-global-color-5)","background-image":"","background-repeat":"repeat","background-position":"center center","background-size":"auto","background-attachment":"scroll","background-type":"","background-media":"","overlay-type":"","overlay-color":"","overlay-opacity":"","overlay-gradient":""}},"footnotes":""},"class_list":["post-168","page","type-page","status-publish","hentry"],"yoast_head":"<!-- This site is optimized with the Yoast SEO plugin v25.5 - https:\/\/yoast.com\/wordpress\/plugins\/seo\/ -->\n<title>SSIAD -<\/title>\n<meta name=\"robots\" content=\"index, follow, max-snippet:-1, max-image-preview:large, max-video-preview:-1\" \/>\n<link rel=\"canonical\" href=\"https:\/\/www.ch-aubusson.fr\/site\/ssiad\/\" \/>\n<meta property=\"og:locale\" content=\"fr_FR\" \/>\n<meta property=\"og:type\" content=\"article\" \/>\n<meta property=\"og:title\" content=\"SSIAD -\" \/>\n<meta property=\"og:description\" content=\"Service de soins infirmiers a domicile Le SSIAD a pour mission et objectif la prise en charge de patients dont [&hellip;]\" \/>\n<meta property=\"og:url\" content=\"https:\/\/www.ch-aubusson.fr\/site\/ssiad\/\" \/>\n<meta property=\"article:publisher\" content=\"https:\/\/www.facebook.com\/people\/Centre-Hospitalier-dAubusson\/100064042814456\/\" \/>\n<meta property=\"article:modified_time\" content=\"2024-05-02T07:59:51+00:00\" \/>\n<meta property=\"og:image\" content=\"http:\/\/www.ch-aubusson.fr\/site\/wp-content\/uploads\/2024\/01\/telephone-ch-e1706177990867.png\" \/>\n<meta name=\"twitter:card\" content=\"summary_large_image\" \/>\n<meta name=\"twitter:label1\" content=\"Dur\u00e9e de lecture estim\u00e9e\" \/>\n\t<meta name=\"twitter:data1\" content=\"1 minute\" \/>\n<!-- \/ Yoast SEO plugin. -->","yoast_head_json":{"title":"SSIAD -","robots":{"index":"index","follow":"follow","max-snippet":"max-snippet:-1","max-image-preview":"max-image-preview:large","max-video-preview":"max-video-preview:-1"},"canonical":"https:\/\/www.ch-aubusson.fr\/site\/ssiad\/","og_locale":"fr_FR","og_type":"article","og_title":"SSIAD -","og_description":"Service de soins infirmiers a domicile Le SSIAD a pour mission et objectif la prise en charge de patients dont [&hellip;]","og_url":"https:\/\/www.ch-aubusson.fr\/site\/ssiad\/","article_publisher":"https:\/\/www.facebook.com\/people\/Centre-Hospitalier-dAubusson\/100064042814456\/","article_modified_time":"2024-05-02T07:59:51+00:00","og_image":[{"url":"http:\/\/www.ch-aubusson.fr\/site\/wp-content\/uploads\/2024\/01\/telephone-ch-e1706177990867.png","type":"","width":"","height":""}],"twitter_card":"summary_large_image","twitter_misc":{"Dur\u00e9e de lecture estim\u00e9e":"1 minute"},"schema":{"@context":"https:\/\/schema.org","@graph":[{"@type":"WebPage","@id":"https:\/\/www.ch-aubusson.fr\/site\/ssiad\/","url":"https:\/\/www.ch-aubusson.fr\/site\/ssiad\/","name":"SSIAD -","isPartOf":{"@id":"https:\/\/www.ch-aubusson.fr\/site\/#website"},"primaryImageOfPage":{"@id":"https:\/\/www.ch-aubusson.fr\/site\/ssiad\/#primaryimage"},"image":{"@id":"https:\/\/www.ch-aubusson.fr\/site\/ssiad\/#primaryimage"},"thumbnailUrl":"http:\/\/www.ch-aubusson.fr\/site\/wp-content\/uploads\/2024\/01\/telephone-ch-e1706177990867.png","datePublished":"2024-01-11T16:22:47+00:00","dateModified":"2024-05-02T07:59:51+00:00","breadcrumb":{"@id":"https:\/\/www.ch-aubusson.fr\/site\/ssiad\/#breadcrumb"},"inLanguage":"fr-FR","potentialAction":[{"@type":"ReadAction","target":["https:\/\/www.ch-aubusson.fr\/site\/ssiad\/"]}]},{"@type":"ImageObject","inLanguage":"fr-FR","@id":"https:\/\/www.ch-aubusson.fr\/site\/ssiad\/#primaryimage","url":"https:\/\/www.ch-aubusson.fr\/site\/wp-content\/uploads\/2024\/01\/telephone-ch-e1706177990867.png","contentUrl":"https:\/\/www.ch-aubusson.fr\/site\/wp-content\/uploads\/2024\/01\/telephone-ch-e1706177990867.png","width":20,"height":20},{"@type":"BreadcrumbList","@id":"https:\/\/www.ch-aubusson.fr\/site\/ssiad\/#breadcrumb","itemListElement":[{"@type":"ListItem","position":1,"name":"Accueil","item":"https:\/\/www.ch-aubusson.fr\/site\/"},{"@type":"ListItem","position":2,"name":"SSIAD"}]},{"@type":"WebSite","@id":"https:\/\/www.ch-aubusson.fr\/site\/#website","url":"https:\/\/www.ch-aubusson.fr\/site\/","name":"Centre Hospitalier d'Aubusson","description":"","publisher":{"@id":"https:\/\/www.ch-aubusson.fr\/site\/#organization"},"potentialAction":[{"@type":"SearchAction","target":{"@type":"EntryPoint","urlTemplate":"https:\/\/www.ch-aubusson.fr\/site\/?s={search_term_string}"},"query-input":{"@type":"PropertyValueSpecification","valueRequired":true,"valueName":"search_term_string"}}],"inLanguage":"fr-FR"},{"@type":"Organization","@id":"https:\/\/www.ch-aubusson.fr\/site\/#organization","name":"Centre Hospitalier d'Aubusson","url":"https:\/\/www.ch-aubusson.fr\/site\/","logo":{"@type":"ImageObject","inLanguage":"fr-FR","@id":"https:\/\/www.ch-aubusson.fr\/site\/#\/schema\/logo\/image\/","url":"https:\/\/www.ch-aubusson.fr\/site\/wp-content\/uploads\/2024\/01\/cropped-LogoCentreHospitalier_Vertical_3Tonos-2.png","contentUrl":"https:\/\/www.ch-aubusson.fr\/site\/wp-content\/uploads\/2024\/01\/cropped-LogoCentreHospitalier_Vertical_3Tonos-2.png","width":800,"height":654,"caption":"Centre Hospitalier d'Aubusson"},"image":{"@id":"https:\/\/www.ch-aubusson.fr\/site\/#\/schema\/logo\/image\/"},"sameAs":["https:\/\/www.facebook.com\/people\/Centre-Hospitalier-dAubusson\/100064042814456\/","https:\/\/www.linkedin.com\/company\/ch-aubusson"]}]}},"_links":{"self":[{"href":"https:\/\/www.ch-aubusson.fr\/site\/wp-json\/wp\/v2\/pages\/168","targetHints":{"allow":["GET"]}}],"collection":[{"href":"https:\/\/www.ch-aubusson.fr\/site\/wp-json\/wp\/v2\/pages"}],"about":[{"href":"https:\/\/www.ch-aubusson.fr\/site\/wp-json\/wp\/v2\/types\/page"}],"author":[{"embeddable":true,"href":"https:\/\/www.ch-aubusson.fr\/site\/wp-json\/wp\/v2\/users\/3"}],"replies":[{"embeddable":true,"href":"https:\/\/www.ch-aubusson.fr\/site\/wp-json\/wp\/v2\/comments?post=168"}],"version-history":[{"count":35,"href":"https:\/\/www.ch-aubusson.fr\/site\/wp-json\/wp\/v2\/pages\/168\/revisions"}],"predecessor-version":[{"id":5225,"href":"https:\/\/www.ch-aubusson.fr\/site\/wp-json\/wp\/v2\/pages\/168\/revisions\/5225"}],"wp:attachment":[{"href":"https:\/\/www.ch-aubusson.fr\/site\/wp-json\/wp\/v2\/media?parent=168"}],"curies":[{"name":"wp","href":"https:\/\/api.w.org\/{rel}","templated":true}]}}