{"id":2022,"date":"2024-02-07T16:13:07","date_gmt":"2024-02-07T15:13:07","guid":{"rendered":"http:\/\/www.ch-aubusson.fr\/site\/?page_id=2022"},"modified":"2024-05-14T16:47:20","modified_gmt":"2024-05-14T14:47:20","slug":"projet-etablissement","status":"publish","type":"page","link":"https:\/\/www.ch-aubusson.fr\/site\/projet-etablissement\/","title":{"rendered":"Projet \u00e9tablissement"},"content":{"rendered":"\n<div style=\"height:40px\" aria-hidden=\"true\" class=\"wp-block-spacer\"><\/div>\n\n\n\n<h2 class=\"wp-block-heading\">le projet d&#8217;\u00e9tablissement<\/h2>\n\n\n\n<h4 class=\"wp-block-heading presentation\">Le projet d\u2019\u00e9tablissement a pour ambition de d\u00e9finir la politique g\u00e9n\u00e9rale de l\u2019\u00e9tablissement sur une p\u00e9riode de cinq ans<\/h4>\n\n\n\n<div style=\"height:40px\" aria-hidden=\"true\" class=\"wp-block-spacer\"><\/div>\n\n\n\n<h1 class=\"wp-block-heading has-ast-global-color-5-color has-text-color has-background has-link-color wp-elements-def1b676e619d167634f515869bf464d\" style=\"background-color:#243466\">LE PROJET D&#8217;ETABLISSEMENT<\/h1>\n\n\n\n<p>Le secteur hospitalier et m\u00e9dico-social \u00e9tant en constante \u00e9volution, le Centre Hospitalier  veut s\u2019adapter au mieux pour r\u00e9pondre aux besoins de la population et des personnes accueillies.<\/p>\n\n\n\n<p>Le projet d\u2019\u00e9tablissement fixe les objectifs g\u00e9n\u00e9raux de l\u2019\u00e9tablissement.<\/p>\n\n\n\n<p>Le projet d\u2019\u00e9tablissement 2023-2027 a \u00e9t\u00e9 soumis aux diff\u00e9rentes instances de l&#8217;\u00e9tablissement et valid\u00e9. Il&nbsp;a \u00e9t\u00e9 \u00e9labor\u00e9 en concertation avec le personnel du Centre Hospitalier.<\/p>\n\n\n\n<p>Plusieurs groupes ont travaill\u00e9 autour des sept volets que composent le projet d\u2019\u00e9tablissement :<\/p>\n\n\n\n<ul class=\"wp-block-list\">\n<li>Le Projet management et gouvernance<\/li>\n\n\n\n<li>Le Projet m\u00e9dical et pharmaceutique<\/li>\n\n\n\n<li>Le Projet de soins<\/li>\n\n\n\n<li>Le Projet de vie<\/li>\n\n\n\n<li>Le Projet social<\/li>\n\n\n\n<li>Le Projet du syst\u00e8me d\u2019information et de communication<\/li>\n\n\n\n<li>Le Projet architectural<\/li>\n<\/ul>\n\n\n\n<p><a href=\"https:\/\/www.ch-aubusson.fr\/site\/wp-content\/uploads\/2024\/02\/organigramme_hierarchique_-2023.pdf\"><img loading=\"lazy\" decoding=\"async\" width=\"20\" height=\"20\" class=\"wp-image-1165\" style=\"width: 20px;\" src=\"https:\/\/www.ch-aubusson.fr\/site\/wp-content\/uploads\/2024\/01\/telechargement-ch-e1706177957156.png\" alt=\"\"><\/a> <a href=\"https:\/\/www.ch-aubusson.fr\/site\/wp-content\/uploads\/2024\/03\/projet_etablissement.pdf\">Projet d&#8217;\u00e9tablissement 2023-2027<\/a><\/p>\n\n\n\n<div style=\"height:20px\" aria-hidden=\"true\" class=\"wp-block-spacer\"><\/div>\n\n\n\n<div data-wp-interactive=\"core\/file\" class=\"wp-block-file\"><object data-wp-bind--hidden=\"!state.hasPdfPreview\" hidden class=\"wp-block-file__embed\" data=\"https:\/\/www.ch-aubusson.fr\/site\/wp-content\/uploads\/2024\/03\/projet_etablissement.pdf\" type=\"application\/pdf\" style=\"width:100%;height:600px\" aria-label=\"PDF embarqu\u00e9\"><\/object><a href=\"https:\/\/www.ch-aubusson.fr\/site\/wp-content\/uploads\/2024\/03\/projet_etablissement.pdf\" class=\"wp-block-file__button wp-element-button\" download>T\u00e9l\u00e9charger<\/a><\/div>\n\n\n\n<div style=\"height:100px\" aria-hidden=\"true\" class=\"wp-block-spacer\"><\/div>\n\n\n\n<h3 class=\"wp-block-heading\">&nbsp;<\/h3>\n","protected":false},"excerpt":{"rendered":"<p>le projet d&#8217;\u00e9tablissement Le projet d\u2019\u00e9tablissement a pour ambition de d\u00e9finir la politique g\u00e9n\u00e9rale de l\u2019\u00e9tablissement sur une p\u00e9riode de [&hellip;]<\/p>\n","protected":false},"author":3,"featured_media":0,"parent":0,"menu_order":0,"comment_status":"closed","ping_status":"closed","template":"","meta":{"site-sidebar-layout":"default","site-content-layout":"","ast-site-content-layout":"","site-content-style":"default","site-sidebar-style":"default","ast-global-header-display":"","ast-banner-title-visibility":"","ast-main-header-display":"","ast-hfb-above-header-display":"","ast-hfb-below-header-display":"","ast-hfb-mobile-header-display":"","site-post-title":"disabled","ast-breadcrumbs-content":"","ast-featured-img":"","footer-sml-layout":"","theme-transparent-header-meta":"","adv-header-id-meta":"","stick-header-meta":"","header-above-stick-meta":"","header-main-stick-meta":"","header-below-stick-meta":"","astra-migrate-meta-layouts":"default","ast-page-background-enabled":"default","ast-page-background-meta":{"desktop":{"background-color":"var(--ast-global-color-4)","background-image":"","background-repeat":"repeat","background-position":"center center","background-size":"auto","background-attachment":"scroll","background-type":"","background-media":"","overlay-type":"","overlay-color":"","overlay-opacity":"","overlay-gradient":""},"tablet":{"background-color":"","background-image":"","background-repeat":"repeat","background-position":"center center","background-size":"auto","background-attachment":"scroll","background-type":"","background-media":"","overlay-type":"","overlay-color":"","overlay-opacity":"","overlay-gradient":""},"mobile":{"background-color":"","background-image":"","background-repeat":"repeat","background-position":"center center","background-size":"auto","background-attachment":"scroll","background-type":"","background-media":"","overlay-type":"","overlay-color":"","overlay-opacity":"","overlay-gradient":""}},"ast-content-background-meta":{"desktop":{"background-color":"var(--ast-global-color-5)","background-image":"","background-repeat":"repeat","background-position":"center center","background-size":"auto","background-attachment":"scroll","background-type":"","background-media":"","overlay-type":"","overlay-color":"","overlay-opacity":"","overlay-gradient":""},"tablet":{"background-color":"var(--ast-global-color-5)","background-image":"","background-repeat":"repeat","background-position":"center center","background-size":"auto","background-attachment":"scroll","background-type":"","background-media":"","overlay-type":"","overlay-color":"","overlay-opacity":"","overlay-gradient":""},"mobile":{"background-color":"var(--ast-global-color-5)","background-image":"","background-repeat":"repeat","background-position":"center center","background-size":"auto","background-attachment":"scroll","background-type":"","background-media":"","overlay-type":"","overlay-color":"","overlay-opacity":"","overlay-gradient":""}},"footnotes":""},"class_list":["post-2022","page","type-page","status-publish","hentry"],"yoast_head":"<!-- This site is optimized with the Yoast SEO plugin v25.5 - https:\/\/yoast.com\/wordpress\/plugins\/seo\/ -->\n<title>Projet \u00e9tablissement -<\/title>\n<meta name=\"robots\" content=\"index, follow, max-snippet:-1, max-image-preview:large, max-video-preview:-1\" \/>\n<link rel=\"canonical\" href=\"https:\/\/www.ch-aubusson.fr\/site\/projet-etablissement\/\" \/>\n<meta property=\"og:locale\" content=\"fr_FR\" \/>\n<meta property=\"og:type\" content=\"article\" \/>\n<meta property=\"og:title\" content=\"Projet \u00e9tablissement -\" \/>\n<meta property=\"og:description\" content=\"le projet d&#8217;\u00e9tablissement Le projet d\u2019\u00e9tablissement a pour ambition de d\u00e9finir la politique g\u00e9n\u00e9rale de l\u2019\u00e9tablissement sur une p\u00e9riode de [&hellip;]\" \/>\n<meta property=\"og:url\" content=\"https:\/\/www.ch-aubusson.fr\/site\/projet-etablissement\/\" \/>\n<meta property=\"article:publisher\" content=\"https:\/\/www.facebook.com\/people\/Centre-Hospitalier-dAubusson\/100064042814456\/\" \/>\n<meta property=\"article:modified_time\" content=\"2024-05-14T14:47:20+00:00\" \/>\n<meta property=\"og:image\" content=\"http:\/\/www.ch-aubusson.fr\/site\/wp-content\/uploads\/2024\/01\/telechargement-ch-e1706177957156.png\" \/>\n<meta name=\"twitter:card\" content=\"summary_large_image\" \/>\n<meta name=\"twitter:label1\" content=\"Dur\u00e9e de lecture estim\u00e9e\" \/>\n\t<meta name=\"twitter:data1\" content=\"1 minute\" \/>\n<!-- \/ Yoast SEO plugin. -->","yoast_head_json":{"title":"Projet \u00e9tablissement -","robots":{"index":"index","follow":"follow","max-snippet":"max-snippet:-1","max-image-preview":"max-image-preview:large","max-video-preview":"max-video-preview:-1"},"canonical":"https:\/\/www.ch-aubusson.fr\/site\/projet-etablissement\/","og_locale":"fr_FR","og_type":"article","og_title":"Projet \u00e9tablissement -","og_description":"le projet d&#8217;\u00e9tablissement Le projet d\u2019\u00e9tablissement a pour ambition de d\u00e9finir la politique g\u00e9n\u00e9rale de l\u2019\u00e9tablissement sur une p\u00e9riode de [&hellip;]","og_url":"https:\/\/www.ch-aubusson.fr\/site\/projet-etablissement\/","article_publisher":"https:\/\/www.facebook.com\/people\/Centre-Hospitalier-dAubusson\/100064042814456\/","article_modified_time":"2024-05-14T14:47:20+00:00","og_image":[{"url":"http:\/\/www.ch-aubusson.fr\/site\/wp-content\/uploads\/2024\/01\/telechargement-ch-e1706177957156.png","type":"","width":"","height":""}],"twitter_card":"summary_large_image","twitter_misc":{"Dur\u00e9e de lecture estim\u00e9e":"1 minute"},"schema":{"@context":"https:\/\/schema.org","@graph":[{"@type":"WebPage","@id":"https:\/\/www.ch-aubusson.fr\/site\/projet-etablissement\/","url":"https:\/\/www.ch-aubusson.fr\/site\/projet-etablissement\/","name":"Projet \u00e9tablissement -","isPartOf":{"@id":"https:\/\/www.ch-aubusson.fr\/site\/#website"},"primaryImageOfPage":{"@id":"https:\/\/www.ch-aubusson.fr\/site\/projet-etablissement\/#primaryimage"},"image":{"@id":"https:\/\/www.ch-aubusson.fr\/site\/projet-etablissement\/#primaryimage"},"thumbnailUrl":"http:\/\/www.ch-aubusson.fr\/site\/wp-content\/uploads\/2024\/01\/telechargement-ch-e1706177957156.png","datePublished":"2024-02-07T15:13:07+00:00","dateModified":"2024-05-14T14:47:20+00:00","breadcrumb":{"@id":"https:\/\/www.ch-aubusson.fr\/site\/projet-etablissement\/#breadcrumb"},"inLanguage":"fr-FR","potentialAction":[{"@type":"ReadAction","target":["https:\/\/www.ch-aubusson.fr\/site\/projet-etablissement\/"]}]},{"@type":"ImageObject","inLanguage":"fr-FR","@id":"https:\/\/www.ch-aubusson.fr\/site\/projet-etablissement\/#primaryimage","url":"https:\/\/www.ch-aubusson.fr\/site\/wp-content\/uploads\/2024\/01\/telechargement-ch-e1706177957156.png","contentUrl":"https:\/\/www.ch-aubusson.fr\/site\/wp-content\/uploads\/2024\/01\/telechargement-ch-e1706177957156.png","width":20,"height":20},{"@type":"BreadcrumbList","@id":"https:\/\/www.ch-aubusson.fr\/site\/projet-etablissement\/#breadcrumb","itemListElement":[{"@type":"ListItem","position":1,"name":"Accueil","item":"https:\/\/www.ch-aubusson.fr\/site\/"},{"@type":"ListItem","position":2,"name":"Projet \u00e9tablissement"}]},{"@type":"WebSite","@id":"https:\/\/www.ch-aubusson.fr\/site\/#website","url":"https:\/\/www.ch-aubusson.fr\/site\/","name":"Centre Hospitalier d'Aubusson","description":"","publisher":{"@id":"https:\/\/www.ch-aubusson.fr\/site\/#organization"},"potentialAction":[{"@type":"SearchAction","target":{"@type":"EntryPoint","urlTemplate":"https:\/\/www.ch-aubusson.fr\/site\/?s={search_term_string}"},"query-input":{"@type":"PropertyValueSpecification","valueRequired":true,"valueName":"search_term_string"}}],"inLanguage":"fr-FR"},{"@type":"Organization","@id":"https:\/\/www.ch-aubusson.fr\/site\/#organization","name":"Centre Hospitalier d'Aubusson","url":"https:\/\/www.ch-aubusson.fr\/site\/","logo":{"@type":"ImageObject","inLanguage":"fr-FR","@id":"https:\/\/www.ch-aubusson.fr\/site\/#\/schema\/logo\/image\/","url":"https:\/\/www.ch-aubusson.fr\/site\/wp-content\/uploads\/2024\/01\/cropped-LogoCentreHospitalier_Vertical_3Tonos-2.png","contentUrl":"https:\/\/www.ch-aubusson.fr\/site\/wp-content\/uploads\/2024\/01\/cropped-LogoCentreHospitalier_Vertical_3Tonos-2.png","width":800,"height":654,"caption":"Centre Hospitalier d'Aubusson"},"image":{"@id":"https:\/\/www.ch-aubusson.fr\/site\/#\/schema\/logo\/image\/"},"sameAs":["https:\/\/www.facebook.com\/people\/Centre-Hospitalier-dAubusson\/100064042814456\/","https:\/\/www.linkedin.com\/company\/ch-aubusson"]}]}},"_links":{"self":[{"href":"https:\/\/www.ch-aubusson.fr\/site\/wp-json\/wp\/v2\/pages\/2022","targetHints":{"allow":["GET"]}}],"collection":[{"href":"https:\/\/www.ch-aubusson.fr\/site\/wp-json\/wp\/v2\/pages"}],"about":[{"href":"https:\/\/www.ch-aubusson.fr\/site\/wp-json\/wp\/v2\/types\/page"}],"author":[{"embeddable":true,"href":"https:\/\/www.ch-aubusson.fr\/site\/wp-json\/wp\/v2\/users\/3"}],"replies":[{"embeddable":true,"href":"https:\/\/www.ch-aubusson.fr\/site\/wp-json\/wp\/v2\/comments?post=2022"}],"version-history":[{"count":21,"href":"https:\/\/www.ch-aubusson.fr\/site\/wp-json\/wp\/v2\/pages\/2022\/revisions"}],"predecessor-version":[{"id":5334,"href":"https:\/\/www.ch-aubusson.fr\/site\/wp-json\/wp\/v2\/pages\/2022\/revisions\/5334"}],"wp:attachment":[{"href":"https:\/\/www.ch-aubusson.fr\/site\/wp-json\/wp\/v2\/media?parent=2022"}],"curies":[{"name":"wp","href":"https:\/\/api.w.org\/{rel}","templated":true}]}}