{"id":6186,"date":"2025-06-23T10:49:59","date_gmt":"2025-06-23T08:49:59","guid":{"rendered":"https:\/\/www.ch-aubusson.fr\/site\/?page_id=6186"},"modified":"2025-06-23T11:02:33","modified_gmt":"2025-06-23T09:02:33","slug":"segur-de-la-sante","status":"publish","type":"page","link":"https:\/\/www.ch-aubusson.fr\/site\/segur-de-la-sante\/","title":{"rendered":"s\u00e9gur de la sant\u00e9"},"content":{"rendered":"\n<div style=\"height:45px\" aria-hidden=\"true\" id=\"dmp\" class=\"wp-block-spacer\"><\/div>\n\n\n\n<h2 class=\"wp-block-heading\"><\/h2>\n\n\n\n<figure class=\"wp-block-image aligncenter size-full is-resized\"><img loading=\"lazy\" decoding=\"async\" width=\"583\" height=\"343\" src=\"https:\/\/www.ch-aubusson.fr\/site\/wp-content\/uploads\/2025\/06\/segur-1.png\" alt=\"\" class=\"wp-image-6188\" style=\"width:583px;height:auto\" srcset=\"https:\/\/www.ch-aubusson.fr\/site\/wp-content\/uploads\/2025\/06\/segur-1.png 583w, https:\/\/www.ch-aubusson.fr\/site\/wp-content\/uploads\/2025\/06\/segur-1-300x177.png 300w\" sizes=\"auto, (max-width: 583px) 100vw, 583px\" \/><\/figure>\n\n\n\n<div style=\"height:40px\" aria-hidden=\"true\" class=\"wp-block-spacer\"><\/div>\n\n\n\n<h4 class=\"wp-block-heading presentation\">S\u00e9gur de la sant\u00e9<\/h4>\n\n\n\n<p>Dans le cadre du S\u00e9gur de la Sant\u00e9, la r\u00e9gion Nouvelle Aquitaine a b\u00e9n\u00e9fici\u00e9 de 19.2 millions d&#8217;euros pour l&#8217;achat ou le remplacement de mat\u00e9riel afin d&#8217;am\u00e9liorer les conditions de travail et d&#8217;accueil dans les \u00e9tablissements de sant\u00e9. Ces aides sont financ\u00e9es par France Relance &#8211; l&#8217;Union Europ\u00e9enne.<\/p>\n\n\n\n<p>Le CH Aubusson a per\u00e7u 21 000\u20ac en 2024 afin d&#8217;acheter :<\/p>\n\n\n\n<ul class=\"wp-block-list\">\n<li>Chariot de linge sale (urgences)<\/li>\n\n\n\n<li>Chariot de m\u00e9nage (m\u00e9decine)<\/li>\n\n\n\n<li>Chariot de nuit (SMR)<\/li>\n\n\n\n<li>Appui ant\u00e9brachial (r\u00e9\u00e9ducation)<\/li>\n\n\n\n<li>Videolaryngoscope (urgences)<\/li>\n\n\n\n<li>Lampe d&#8217;examen (chirurgie)<\/li>\n\n\n\n<li>Armoire \u00e0 linge (blanchisserie)<\/li>\n\n\n\n<li>Emballeuse (blanchisserie)<\/li>\n\n\n\n<li>Monobrosse (chirurgie)<\/li>\n\n\n\n<li>Table et chaise pour la salle de restauration (USLD)<\/li>\n<\/ul>\n\n\n\n<div style=\"height:40px\" aria-hidden=\"true\" class=\"wp-block-spacer\"><\/div>\n\n\n\n<figure class=\"wp-block-gallery has-nested-images columns-4 is-cropped wp-block-gallery-1 is-layout-flex wp-block-gallery-is-layout-flex\">\n<figure data-wp-context=\"{&quot;imageId&quot;:&quot;6a070a0309bd3&quot;}\" data-wp-interactive=\"core\/image\" data-wp-key=\"6a070a0309bd3\" class=\"wp-block-image size-large wp-lightbox-container\"><img loading=\"lazy\" decoding=\"async\" width=\"768\" height=\"1024\" data-wp-class--hide=\"state.isContentHidden\" data-wp-class--show=\"state.isContentVisible\" data-wp-init=\"callbacks.setButtonStyles\" data-wp-on--click=\"actions.showLightbox\" data-wp-on--load=\"callbacks.setButtonStyles\" data-wp-on-window--resize=\"callbacks.setButtonStyles\" data-id=\"6193\" src=\"https:\/\/www.ch-aubusson.fr\/site\/wp-content\/uploads\/2025\/06\/Chariot-de-linge-sale-768x1024.jpg\" alt=\"\" class=\"wp-image-6193\" srcset=\"https:\/\/www.ch-aubusson.fr\/site\/wp-content\/uploads\/2025\/06\/Chariot-de-linge-sale-768x1024.jpg 768w, https:\/\/www.ch-aubusson.fr\/site\/wp-content\/uploads\/2025\/06\/Chariot-de-linge-sale-225x300.jpg 225w, https:\/\/www.ch-aubusson.fr\/site\/wp-content\/uploads\/2025\/06\/Chariot-de-linge-sale-1152x1536.jpg 1152w, https:\/\/www.ch-aubusson.fr\/site\/wp-content\/uploads\/2025\/06\/Chariot-de-linge-sale-1536x2048.jpg 1536w, https:\/\/www.ch-aubusson.fr\/site\/wp-content\/uploads\/2025\/06\/Chariot-de-linge-sale-scaled.jpg 1920w\" sizes=\"auto, (max-width: 768px) 100vw, 768px\" \/><button\n\t\t\tclass=\"lightbox-trigger\"\n\t\t\ttype=\"button\"\n\t\t\taria-haspopup=\"dialog\"\n\t\t\taria-label=\"Agrandir\"\n\t\t\tdata-wp-init=\"callbacks.initTriggerButton\"\n\t\t\tdata-wp-on--click=\"actions.showLightbox\"\n\t\t\tdata-wp-style--right=\"state.imageButtonRight\"\n\t\t\tdata-wp-style--top=\"state.imageButtonTop\"\n\t\t>\n\t\t\t<svg xmlns=\"http:\/\/www.w3.org\/2000\/svg\" width=\"12\" height=\"12\" fill=\"none\" viewBox=\"0 0 12 12\">\n\t\t\t\t<path fill=\"#fff\" d=\"M2 0a2 2 0 0 0-2 2v2h1.5V2a.5.5 0 0 1 .5-.5h2V0H2Zm2 10.5H2a.5.5 0 0 1-.5-.5V8H0v2a2 2 0 0 0 2 2h2v-1.5ZM8 12v-1.5h2a.5.5 0 0 0 .5-.5V8H12v2a2 2 0 0 1-2 2H8Zm2-12a2 2 0 0 1 2 2v2h-1.5V2a.5.5 0 0 0-.5-.5H8V0h2Z\" \/>\n\t\t\t<\/svg>\n\t\t<\/button><\/figure>\n\n\n\n<figure data-wp-context=\"{&quot;imageId&quot;:&quot;6a070a030a0d2&quot;}\" data-wp-interactive=\"core\/image\" data-wp-key=\"6a070a030a0d2\" class=\"wp-block-image size-full wp-lightbox-container\"><img loading=\"lazy\" decoding=\"async\" width=\"1920\" height=\"2560\" data-wp-class--hide=\"state.isContentHidden\" data-wp-class--show=\"state.isContentVisible\" data-wp-init=\"callbacks.setButtonStyles\" data-wp-on--click=\"actions.showLightbox\" data-wp-on--load=\"callbacks.setButtonStyles\" data-wp-on-window--resize=\"callbacks.setButtonStyles\" data-id=\"6192\" src=\"https:\/\/www.ch-aubusson.fr\/site\/wp-content\/uploads\/2025\/06\/Chariot-de-nuit-SMR-2-scaled.jpeg\" alt=\"\" class=\"wp-image-6192\" srcset=\"https:\/\/www.ch-aubusson.fr\/site\/wp-content\/uploads\/2025\/06\/Chariot-de-nuit-SMR-2-scaled.jpeg 1920w, https:\/\/www.ch-aubusson.fr\/site\/wp-content\/uploads\/2025\/06\/Chariot-de-nuit-SMR-2-225x300.jpeg 225w, https:\/\/www.ch-aubusson.fr\/site\/wp-content\/uploads\/2025\/06\/Chariot-de-nuit-SMR-2-768x1024.jpeg 768w, https:\/\/www.ch-aubusson.fr\/site\/wp-content\/uploads\/2025\/06\/Chariot-de-nuit-SMR-2-1152x1536.jpeg 1152w, https:\/\/www.ch-aubusson.fr\/site\/wp-content\/uploads\/2025\/06\/Chariot-de-nuit-SMR-2-1536x2048.jpeg 1536w\" sizes=\"auto, (max-width: 1920px) 100vw, 1920px\" \/><button\n\t\t\tclass=\"lightbox-trigger\"\n\t\t\ttype=\"button\"\n\t\t\taria-haspopup=\"dialog\"\n\t\t\taria-label=\"Agrandir\"\n\t\t\tdata-wp-init=\"callbacks.initTriggerButton\"\n\t\t\tdata-wp-on--click=\"actions.showLightbox\"\n\t\t\tdata-wp-style--right=\"state.imageButtonRight\"\n\t\t\tdata-wp-style--top=\"state.imageButtonTop\"\n\t\t>\n\t\t\t<svg xmlns=\"http:\/\/www.w3.org\/2000\/svg\" width=\"12\" height=\"12\" fill=\"none\" viewBox=\"0 0 12 12\">\n\t\t\t\t<path fill=\"#fff\" d=\"M2 0a2 2 0 0 0-2 2v2h1.5V2a.5.5 0 0 1 .5-.5h2V0H2Zm2 10.5H2a.5.5 0 0 1-.5-.5V8H0v2a2 2 0 0 0 2 2h2v-1.5ZM8 12v-1.5h2a.5.5 0 0 0 .5-.5V8H12v2a2 2 0 0 1-2 2H8Zm2-12a2 2 0 0 1 2 2v2h-1.5V2a.5.5 0 0 0-.5-.5H8V0h2Z\" \/>\n\t\t\t<\/svg>\n\t\t<\/button><\/figure>\n\n\n\n<figure data-wp-context=\"{&quot;imageId&quot;:&quot;6a070a030a50d&quot;}\" data-wp-interactive=\"core\/image\" data-wp-key=\"6a070a030a50d\" class=\"wp-block-image size-large wp-lightbox-container\"><img loading=\"lazy\" decoding=\"async\" width=\"768\" height=\"1024\" data-wp-class--hide=\"state.isContentHidden\" data-wp-class--show=\"state.isContentVisible\" data-wp-init=\"callbacks.setButtonStyles\" data-wp-on--click=\"actions.showLightbox\" data-wp-on--load=\"callbacks.setButtonStyles\" data-wp-on-window--resize=\"callbacks.setButtonStyles\" data-id=\"6194\" src=\"https:\/\/www.ch-aubusson.fr\/site\/wp-content\/uploads\/2025\/06\/Chariot-nuit-SMR-768x1024.jpeg\" alt=\"\" class=\"wp-image-6194\" srcset=\"https:\/\/www.ch-aubusson.fr\/site\/wp-content\/uploads\/2025\/06\/Chariot-nuit-SMR-768x1024.jpeg 768w, https:\/\/www.ch-aubusson.fr\/site\/wp-content\/uploads\/2025\/06\/Chariot-nuit-SMR-225x300.jpeg 225w, https:\/\/www.ch-aubusson.fr\/site\/wp-content\/uploads\/2025\/06\/Chariot-nuit-SMR-1152x1536.jpeg 1152w, https:\/\/www.ch-aubusson.fr\/site\/wp-content\/uploads\/2025\/06\/Chariot-nuit-SMR-1536x2048.jpeg 1536w, https:\/\/www.ch-aubusson.fr\/site\/wp-content\/uploads\/2025\/06\/Chariot-nuit-SMR-scaled.jpeg 1920w\" sizes=\"auto, (max-width: 768px) 100vw, 768px\" \/><button\n\t\t\tclass=\"lightbox-trigger\"\n\t\t\ttype=\"button\"\n\t\t\taria-haspopup=\"dialog\"\n\t\t\taria-label=\"Agrandir\"\n\t\t\tdata-wp-init=\"callbacks.initTriggerButton\"\n\t\t\tdata-wp-on--click=\"actions.showLightbox\"\n\t\t\tdata-wp-style--right=\"state.imageButtonRight\"\n\t\t\tdata-wp-style--top=\"state.imageButtonTop\"\n\t\t>\n\t\t\t<svg xmlns=\"http:\/\/www.w3.org\/2000\/svg\" width=\"12\" height=\"12\" fill=\"none\" viewBox=\"0 0 12 12\">\n\t\t\t\t<path fill=\"#fff\" d=\"M2 0a2 2 0 0 0-2 2v2h1.5V2a.5.5 0 0 1 .5-.5h2V0H2Zm2 10.5H2a.5.5 0 0 1-.5-.5V8H0v2a2 2 0 0 0 2 2h2v-1.5ZM8 12v-1.5h2a.5.5 0 0 0 .5-.5V8H12v2a2 2 0 0 1-2 2H8Zm2-12a2 2 0 0 1 2 2v2h-1.5V2a.5.5 0 0 0-.5-.5H8V0h2Z\" \/>\n\t\t\t<\/svg>\n\t\t<\/button><\/figure>\n\n\n\n<figure data-wp-context=\"{&quot;imageId&quot;:&quot;6a070a030a93a&quot;}\" data-wp-interactive=\"core\/image\" data-wp-key=\"6a070a030a93a\" class=\"wp-block-image size-large wp-lightbox-container\"><img loading=\"lazy\" decoding=\"async\" width=\"768\" height=\"1024\" data-wp-class--hide=\"state.isContentHidden\" data-wp-class--show=\"state.isContentVisible\" data-wp-init=\"callbacks.setButtonStyles\" data-wp-on--click=\"actions.showLightbox\" data-wp-on--load=\"callbacks.setButtonStyles\" data-wp-on-window--resize=\"callbacks.setButtonStyles\" data-id=\"6198\" src=\"https:\/\/www.ch-aubusson.fr\/site\/wp-content\/uploads\/2025\/06\/Video-larynsocope-768x1024.jpg\" alt=\"\" class=\"wp-image-6198\" srcset=\"https:\/\/www.ch-aubusson.fr\/site\/wp-content\/uploads\/2025\/06\/Video-larynsocope-768x1024.jpg 768w, https:\/\/www.ch-aubusson.fr\/site\/wp-content\/uploads\/2025\/06\/Video-larynsocope-225x300.jpg 225w, https:\/\/www.ch-aubusson.fr\/site\/wp-content\/uploads\/2025\/06\/Video-larynsocope-1152x1536.jpg 1152w, https:\/\/www.ch-aubusson.fr\/site\/wp-content\/uploads\/2025\/06\/Video-larynsocope-1536x2048.jpg 1536w, https:\/\/www.ch-aubusson.fr\/site\/wp-content\/uploads\/2025\/06\/Video-larynsocope-scaled.jpg 1920w\" sizes=\"auto, (max-width: 768px) 100vw, 768px\" \/><button\n\t\t\tclass=\"lightbox-trigger\"\n\t\t\ttype=\"button\"\n\t\t\taria-haspopup=\"dialog\"\n\t\t\taria-label=\"Agrandir\"\n\t\t\tdata-wp-init=\"callbacks.initTriggerButton\"\n\t\t\tdata-wp-on--click=\"actions.showLightbox\"\n\t\t\tdata-wp-style--right=\"state.imageButtonRight\"\n\t\t\tdata-wp-style--top=\"state.imageButtonTop\"\n\t\t>\n\t\t\t<svg xmlns=\"http:\/\/www.w3.org\/2000\/svg\" width=\"12\" height=\"12\" fill=\"none\" viewBox=\"0 0 12 12\">\n\t\t\t\t<path fill=\"#fff\" d=\"M2 0a2 2 0 0 0-2 2v2h1.5V2a.5.5 0 0 1 .5-.5h2V0H2Zm2 10.5H2a.5.5 0 0 1-.5-.5V8H0v2a2 2 0 0 0 2 2h2v-1.5ZM8 12v-1.5h2a.5.5 0 0 0 .5-.5V8H12v2a2 2 0 0 1-2 2H8Zm2-12a2 2 0 0 1 2 2v2h-1.5V2a.5.5 0 0 0-.5-.5H8V0h2Z\" \/>\n\t\t\t<\/svg>\n\t\t<\/button><\/figure>\n\n\n\n<figure data-wp-context=\"{&quot;imageId&quot;:&quot;6a070a030ad74&quot;}\" data-wp-interactive=\"core\/image\" data-wp-key=\"6a070a030ad74\" class=\"wp-block-image size-large wp-lightbox-container\"><img loading=\"lazy\" decoding=\"async\" width=\"768\" height=\"1024\" data-wp-class--hide=\"state.isContentHidden\" data-wp-class--show=\"state.isContentVisible\" data-wp-init=\"callbacks.setButtonStyles\" data-wp-on--click=\"actions.showLightbox\" data-wp-on--load=\"callbacks.setButtonStyles\" data-wp-on-window--resize=\"callbacks.setButtonStyles\" data-id=\"6197\" src=\"https:\/\/www.ch-aubusson.fr\/site\/wp-content\/uploads\/2025\/06\/monobrosse-bloc-768x1024.jpg\" alt=\"\" class=\"wp-image-6197\" srcset=\"https:\/\/www.ch-aubusson.fr\/site\/wp-content\/uploads\/2025\/06\/monobrosse-bloc-768x1024.jpg 768w, https:\/\/www.ch-aubusson.fr\/site\/wp-content\/uploads\/2025\/06\/monobrosse-bloc-225x300.jpg 225w, https:\/\/www.ch-aubusson.fr\/site\/wp-content\/uploads\/2025\/06\/monobrosse-bloc-1152x1536.jpg 1152w, https:\/\/www.ch-aubusson.fr\/site\/wp-content\/uploads\/2025\/06\/monobrosse-bloc.jpg 1536w\" sizes=\"auto, (max-width: 768px) 100vw, 768px\" \/><button\n\t\t\tclass=\"lightbox-trigger\"\n\t\t\ttype=\"button\"\n\t\t\taria-haspopup=\"dialog\"\n\t\t\taria-label=\"Agrandir\"\n\t\t\tdata-wp-init=\"callbacks.initTriggerButton\"\n\t\t\tdata-wp-on--click=\"actions.showLightbox\"\n\t\t\tdata-wp-style--right=\"state.imageButtonRight\"\n\t\t\tdata-wp-style--top=\"state.imageButtonTop\"\n\t\t>\n\t\t\t<svg xmlns=\"http:\/\/www.w3.org\/2000\/svg\" width=\"12\" height=\"12\" fill=\"none\" viewBox=\"0 0 12 12\">\n\t\t\t\t<path fill=\"#fff\" d=\"M2 0a2 2 0 0 0-2 2v2h1.5V2a.5.5 0 0 1 .5-.5h2V0H2Zm2 10.5H2a.5.5 0 0 1-.5-.5V8H0v2a2 2 0 0 0 2 2h2v-1.5ZM8 12v-1.5h2a.5.5 0 0 0 .5-.5V8H12v2a2 2 0 0 1-2 2H8Zm2-12a2 2 0 0 1 2 2v2h-1.5V2a.5.5 0 0 0-.5-.5H8V0h2Z\" \/>\n\t\t\t<\/svg>\n\t\t<\/button><\/figure>\n\n\n\n<figure data-wp-context=\"{&quot;imageId&quot;:&quot;6a070a030b187&quot;}\" data-wp-interactive=\"core\/image\" data-wp-key=\"6a070a030b187\" class=\"wp-block-image size-large wp-lightbox-container\"><img loading=\"lazy\" decoding=\"async\" width=\"768\" height=\"1024\" data-wp-class--hide=\"state.isContentHidden\" data-wp-class--show=\"state.isContentVisible\" data-wp-init=\"callbacks.setButtonStyles\" data-wp-on--click=\"actions.showLightbox\" data-wp-on--load=\"callbacks.setButtonStyles\" data-wp-on-window--resize=\"callbacks.setButtonStyles\" data-id=\"6200\" src=\"https:\/\/www.ch-aubusson.fr\/site\/wp-content\/uploads\/2025\/06\/Chariot-nuit-SMR-1-768x1024.jpeg\" alt=\"\" class=\"wp-image-6200\" srcset=\"https:\/\/www.ch-aubusson.fr\/site\/wp-content\/uploads\/2025\/06\/Chariot-nuit-SMR-1-768x1024.jpeg 768w, https:\/\/www.ch-aubusson.fr\/site\/wp-content\/uploads\/2025\/06\/Chariot-nuit-SMR-1-225x300.jpeg 225w, https:\/\/www.ch-aubusson.fr\/site\/wp-content\/uploads\/2025\/06\/Chariot-nuit-SMR-1-1152x1536.jpeg 1152w, https:\/\/www.ch-aubusson.fr\/site\/wp-content\/uploads\/2025\/06\/Chariot-nuit-SMR-1-1536x2048.jpeg 1536w, https:\/\/www.ch-aubusson.fr\/site\/wp-content\/uploads\/2025\/06\/Chariot-nuit-SMR-1-scaled.jpeg 1920w\" sizes=\"auto, (max-width: 768px) 100vw, 768px\" \/><button\n\t\t\tclass=\"lightbox-trigger\"\n\t\t\ttype=\"button\"\n\t\t\taria-haspopup=\"dialog\"\n\t\t\taria-label=\"Agrandir\"\n\t\t\tdata-wp-init=\"callbacks.initTriggerButton\"\n\t\t\tdata-wp-on--click=\"actions.showLightbox\"\n\t\t\tdata-wp-style--right=\"state.imageButtonRight\"\n\t\t\tdata-wp-style--top=\"state.imageButtonTop\"\n\t\t>\n\t\t\t<svg xmlns=\"http:\/\/www.w3.org\/2000\/svg\" width=\"12\" height=\"12\" fill=\"none\" viewBox=\"0 0 12 12\">\n\t\t\t\t<path fill=\"#fff\" d=\"M2 0a2 2 0 0 0-2 2v2h1.5V2a.5.5 0 0 1 .5-.5h2V0H2Zm2 10.5H2a.5.5 0 0 1-.5-.5V8H0v2a2 2 0 0 0 2 2h2v-1.5ZM8 12v-1.5h2a.5.5 0 0 0 .5-.5V8H12v2a2 2 0 0 1-2 2H8Zm2-12a2 2 0 0 1 2 2v2h-1.5V2a.5.5 0 0 0-.5-.5H8V0h2Z\" \/>\n\t\t\t<\/svg>\n\t\t<\/button><\/figure>\n\n\n\n<figure data-wp-context=\"{&quot;imageId&quot;:&quot;6a070a030b5a8&quot;}\" data-wp-interactive=\"core\/image\" data-wp-key=\"6a070a030b5a8\" class=\"wp-block-image size-large wp-lightbox-container\"><img loading=\"lazy\" decoding=\"async\" width=\"768\" height=\"1024\" data-wp-class--hide=\"state.isContentHidden\" data-wp-class--show=\"state.isContentVisible\" data-wp-init=\"callbacks.setButtonStyles\" data-wp-on--click=\"actions.showLightbox\" data-wp-on--load=\"callbacks.setButtonStyles\" data-wp-on-window--resize=\"callbacks.setButtonStyles\" data-id=\"6196\" src=\"https:\/\/www.ch-aubusson.fr\/site\/wp-content\/uploads\/2025\/06\/lampe-768x1024.jpg\" alt=\"\" class=\"wp-image-6196\" srcset=\"https:\/\/www.ch-aubusson.fr\/site\/wp-content\/uploads\/2025\/06\/lampe-768x1024.jpg 768w, https:\/\/www.ch-aubusson.fr\/site\/wp-content\/uploads\/2025\/06\/lampe-225x300.jpg 225w, https:\/\/www.ch-aubusson.fr\/site\/wp-content\/uploads\/2025\/06\/lampe-1152x1536.jpg 1152w, https:\/\/www.ch-aubusson.fr\/site\/wp-content\/uploads\/2025\/06\/lampe.jpg 1536w\" sizes=\"auto, (max-width: 768px) 100vw, 768px\" \/><button\n\t\t\tclass=\"lightbox-trigger\"\n\t\t\ttype=\"button\"\n\t\t\taria-haspopup=\"dialog\"\n\t\t\taria-label=\"Agrandir\"\n\t\t\tdata-wp-init=\"callbacks.initTriggerButton\"\n\t\t\tdata-wp-on--click=\"actions.showLightbox\"\n\t\t\tdata-wp-style--right=\"state.imageButtonRight\"\n\t\t\tdata-wp-style--top=\"state.imageButtonTop\"\n\t\t>\n\t\t\t<svg xmlns=\"http:\/\/www.w3.org\/2000\/svg\" width=\"12\" height=\"12\" fill=\"none\" viewBox=\"0 0 12 12\">\n\t\t\t\t<path fill=\"#fff\" d=\"M2 0a2 2 0 0 0-2 2v2h1.5V2a.5.5 0 0 1 .5-.5h2V0H2Zm2 10.5H2a.5.5 0 0 1-.5-.5V8H0v2a2 2 0 0 0 2 2h2v-1.5ZM8 12v-1.5h2a.5.5 0 0 0 .5-.5V8H12v2a2 2 0 0 1-2 2H8Zm2-12a2 2 0 0 1 2 2v2h-1.5V2a.5.5 0 0 0-.5-.5H8V0h2Z\" \/>\n\t\t\t<\/svg>\n\t\t<\/button><\/figure>\n<\/figure>\n\n\n\n<figure class=\"wp-block-image aligncenter size-full\"><img loading=\"lazy\" decoding=\"async\" width=\"287\" height=\"118\" src=\"https:\/\/www.ch-aubusson.fr\/site\/wp-content\/uploads\/2025\/06\/ars.png\" alt=\"\" class=\"wp-image-6205\"\/><\/figure>\n\n\n\n<div style=\"height:100px\" aria-hidden=\"true\" class=\"wp-block-spacer\"><\/div>\n","protected":false},"excerpt":{"rendered":"<p>S\u00e9gur de la sant\u00e9 Dans le cadre du S\u00e9gur de la Sant\u00e9, la r\u00e9gion Nouvelle Aquitaine a b\u00e9n\u00e9fici\u00e9 de 19.2 [&hellip;]<\/p>\n","protected":false},"author":3,"featured_media":0,"parent":0,"menu_order":0,"comment_status":"closed","ping_status":"closed","template":"","meta":{"site-sidebar-layout":"default","site-content-layout":"","ast-site-content-layout":"","site-content-style":"default","site-sidebar-style":"default","ast-global-header-display":"","ast-banner-title-visibility":"","ast-main-header-display":"","ast-hfb-above-header-display":"","ast-hfb-below-header-display":"","ast-hfb-mobile-header-display":"","site-post-title":"disabled","ast-breadcrumbs-content":"","ast-featured-img":"","footer-sml-layout":"","theme-transparent-header-meta":"","adv-header-id-meta":"","stick-header-meta":"","header-above-stick-meta":"","header-main-stick-meta":"","header-below-stick-meta":"","astra-migrate-meta-layouts":"default","ast-page-background-enabled":"default","ast-page-background-meta":{"desktop":{"background-color":"var(--ast-global-color-4)","background-image":"","background-repeat":"repeat","background-position":"center center","background-size":"auto","background-attachment":"scroll","background-type":"","background-media":"","overlay-type":"","overlay-color":"","overlay-opacity":"","overlay-gradient":""},"tablet":{"background-color":"","background-image":"","background-repeat":"repeat","background-position":"center center","background-size":"auto","background-attachment":"scroll","background-type":"","background-media":"","overlay-type":"","overlay-color":"","overlay-opacity":"","overlay-gradient":""},"mobile":{"background-color":"","background-image":"","background-repeat":"repeat","background-position":"center center","background-size":"auto","background-attachment":"scroll","background-type":"","background-media":"","overlay-type":"","overlay-color":"","overlay-opacity":"","overlay-gradient":""}},"ast-content-background-meta":{"desktop":{"background-color":"var(--ast-global-color-5)","background-image":"","background-repeat":"repeat","background-position":"center center","background-size":"auto","background-attachment":"scroll","background-type":"","background-media":"","overlay-type":"","overlay-color":"","overlay-opacity":"","overlay-gradient":""},"tablet":{"background-color":"var(--ast-global-color-5)","background-image":"","background-repeat":"repeat","background-position":"center center","background-size":"auto","background-attachment":"scroll","background-type":"","background-media":"","overlay-type":"","overlay-color":"","overlay-opacity":"","overlay-gradient":""},"mobile":{"background-color":"var(--ast-global-color-5)","background-image":"","background-repeat":"repeat","background-position":"center center","background-size":"auto","background-attachment":"scroll","background-type":"","background-media":"","overlay-type":"","overlay-color":"","overlay-opacity":"","overlay-gradient":""}},"footnotes":""},"class_list":["post-6186","page","type-page","status-publish","hentry"],"yoast_head":"<!-- This site is optimized with the Yoast SEO plugin v25.5 - https:\/\/yoast.com\/wordpress\/plugins\/seo\/ -->\n<title>s\u00e9gur de la sant\u00e9 -<\/title>\n<meta name=\"robots\" content=\"index, follow, max-snippet:-1, max-image-preview:large, max-video-preview:-1\" \/>\n<link rel=\"canonical\" href=\"https:\/\/www.ch-aubusson.fr\/site\/segur-de-la-sante\/\" \/>\n<meta property=\"og:locale\" content=\"fr_FR\" \/>\n<meta property=\"og:type\" content=\"article\" \/>\n<meta property=\"og:title\" content=\"s\u00e9gur de la sant\u00e9 -\" \/>\n<meta property=\"og:description\" content=\"S\u00e9gur de la sant\u00e9 Dans le cadre du S\u00e9gur de la Sant\u00e9, la r\u00e9gion Nouvelle Aquitaine a b\u00e9n\u00e9fici\u00e9 de 19.2 [&hellip;]\" \/>\n<meta property=\"og:url\" content=\"https:\/\/www.ch-aubusson.fr\/site\/segur-de-la-sante\/\" \/>\n<meta property=\"article:publisher\" content=\"https:\/\/www.facebook.com\/people\/Centre-Hospitalier-dAubusson\/100064042814456\/\" \/>\n<meta property=\"article:modified_time\" content=\"2025-06-23T09:02:33+00:00\" \/>\n<meta property=\"og:image\" content=\"https:\/\/www.ch-aubusson.fr\/site\/wp-content\/uploads\/2025\/06\/segur-1.png\" \/>\n\t<meta property=\"og:image:width\" content=\"583\" \/>\n\t<meta property=\"og:image:height\" content=\"343\" \/>\n\t<meta property=\"og:image:type\" content=\"image\/png\" \/>\n<meta name=\"twitter:card\" content=\"summary_large_image\" \/>\n<meta name=\"twitter:label1\" content=\"Dur\u00e9e de lecture estim\u00e9e\" \/>\n\t<meta name=\"twitter:data1\" content=\"3 minutes\" \/>\n<!-- \/ Yoast SEO plugin. -->","yoast_head_json":{"title":"s\u00e9gur de la sant\u00e9 -","robots":{"index":"index","follow":"follow","max-snippet":"max-snippet:-1","max-image-preview":"max-image-preview:large","max-video-preview":"max-video-preview:-1"},"canonical":"https:\/\/www.ch-aubusson.fr\/site\/segur-de-la-sante\/","og_locale":"fr_FR","og_type":"article","og_title":"s\u00e9gur de la sant\u00e9 -","og_description":"S\u00e9gur de la sant\u00e9 Dans le cadre du S\u00e9gur de la Sant\u00e9, la r\u00e9gion Nouvelle Aquitaine a b\u00e9n\u00e9fici\u00e9 de 19.2 [&hellip;]","og_url":"https:\/\/www.ch-aubusson.fr\/site\/segur-de-la-sante\/","article_publisher":"https:\/\/www.facebook.com\/people\/Centre-Hospitalier-dAubusson\/100064042814456\/","article_modified_time":"2025-06-23T09:02:33+00:00","og_image":[{"width":583,"height":343,"url":"https:\/\/www.ch-aubusson.fr\/site\/wp-content\/uploads\/2025\/06\/segur-1.png","type":"image\/png"}],"twitter_card":"summary_large_image","twitter_misc":{"Dur\u00e9e de lecture estim\u00e9e":"3 minutes"},"schema":{"@context":"https:\/\/schema.org","@graph":[{"@type":"WebPage","@id":"https:\/\/www.ch-aubusson.fr\/site\/segur-de-la-sante\/","url":"https:\/\/www.ch-aubusson.fr\/site\/segur-de-la-sante\/","name":"s\u00e9gur de la sant\u00e9 -","isPartOf":{"@id":"https:\/\/www.ch-aubusson.fr\/site\/#website"},"primaryImageOfPage":{"@id":"https:\/\/www.ch-aubusson.fr\/site\/segur-de-la-sante\/#primaryimage"},"image":{"@id":"https:\/\/www.ch-aubusson.fr\/site\/segur-de-la-sante\/#primaryimage"},"thumbnailUrl":"https:\/\/www.ch-aubusson.fr\/site\/wp-content\/uploads\/2025\/06\/segur-1.png","datePublished":"2025-06-23T08:49:59+00:00","dateModified":"2025-06-23T09:02:33+00:00","breadcrumb":{"@id":"https:\/\/www.ch-aubusson.fr\/site\/segur-de-la-sante\/#breadcrumb"},"inLanguage":"fr-FR","potentialAction":[{"@type":"ReadAction","target":["https:\/\/www.ch-aubusson.fr\/site\/segur-de-la-sante\/"]}]},{"@type":"ImageObject","inLanguage":"fr-FR","@id":"https:\/\/www.ch-aubusson.fr\/site\/segur-de-la-sante\/#primaryimage","url":"https:\/\/www.ch-aubusson.fr\/site\/wp-content\/uploads\/2025\/06\/segur-1.png","contentUrl":"https:\/\/www.ch-aubusson.fr\/site\/wp-content\/uploads\/2025\/06\/segur-1.png","width":583,"height":343},{"@type":"BreadcrumbList","@id":"https:\/\/www.ch-aubusson.fr\/site\/segur-de-la-sante\/#breadcrumb","itemListElement":[{"@type":"ListItem","position":1,"name":"Accueil","item":"https:\/\/www.ch-aubusson.fr\/site\/"},{"@type":"ListItem","position":2,"name":"s\u00e9gur de la sant\u00e9"}]},{"@type":"WebSite","@id":"https:\/\/www.ch-aubusson.fr\/site\/#website","url":"https:\/\/www.ch-aubusson.fr\/site\/","name":"Centre Hospitalier d'Aubusson","description":"","publisher":{"@id":"https:\/\/www.ch-aubusson.fr\/site\/#organization"},"potentialAction":[{"@type":"SearchAction","target":{"@type":"EntryPoint","urlTemplate":"https:\/\/www.ch-aubusson.fr\/site\/?s={search_term_string}"},"query-input":{"@type":"PropertyValueSpecification","valueRequired":true,"valueName":"search_term_string"}}],"inLanguage":"fr-FR"},{"@type":"Organization","@id":"https:\/\/www.ch-aubusson.fr\/site\/#organization","name":"Centre Hospitalier d'Aubusson","url":"https:\/\/www.ch-aubusson.fr\/site\/","logo":{"@type":"ImageObject","inLanguage":"fr-FR","@id":"https:\/\/www.ch-aubusson.fr\/site\/#\/schema\/logo\/image\/","url":"https:\/\/www.ch-aubusson.fr\/site\/wp-content\/uploads\/2024\/01\/cropped-LogoCentreHospitalier_Vertical_3Tonos-2.png","contentUrl":"https:\/\/www.ch-aubusson.fr\/site\/wp-content\/uploads\/2024\/01\/cropped-LogoCentreHospitalier_Vertical_3Tonos-2.png","width":800,"height":654,"caption":"Centre Hospitalier d'Aubusson"},"image":{"@id":"https:\/\/www.ch-aubusson.fr\/site\/#\/schema\/logo\/image\/"},"sameAs":["https:\/\/www.facebook.com\/people\/Centre-Hospitalier-dAubusson\/100064042814456\/","https:\/\/www.linkedin.com\/company\/ch-aubusson"]}]}},"_links":{"self":[{"href":"https:\/\/www.ch-aubusson.fr\/site\/wp-json\/wp\/v2\/pages\/6186","targetHints":{"allow":["GET"]}}],"collection":[{"href":"https:\/\/www.ch-aubusson.fr\/site\/wp-json\/wp\/v2\/pages"}],"about":[{"href":"https:\/\/www.ch-aubusson.fr\/site\/wp-json\/wp\/v2\/types\/page"}],"author":[{"embeddable":true,"href":"https:\/\/www.ch-aubusson.fr\/site\/wp-json\/wp\/v2\/users\/3"}],"replies":[{"embeddable":true,"href":"https:\/\/www.ch-aubusson.fr\/site\/wp-json\/wp\/v2\/comments?post=6186"}],"version-history":[{"count":5,"href":"https:\/\/www.ch-aubusson.fr\/site\/wp-json\/wp\/v2\/pages\/6186\/revisions"}],"predecessor-version":[{"id":6207,"href":"https:\/\/www.ch-aubusson.fr\/site\/wp-json\/wp\/v2\/pages\/6186\/revisions\/6207"}],"wp:attachment":[{"href":"https:\/\/www.ch-aubusson.fr\/site\/wp-json\/wp\/v2\/media?parent=6186"}],"curies":[{"name":"wp","href":"https:\/\/api.w.org\/{rel}","templated":true}]}}